3*b. Let q(g) = 2*g + 8. Give q(y).
20
Suppose 4*d = -2*c - 10, -5*d - 11 = 8*c - 7*c. Let o(l) = -l**3 + l**2 - l - 2. What is o(c)?
1
Let l(z) = z**3 + 7*z**2 + 9*z + 14. Suppose 2*u = 5*t + 3 + 35, -20 = -5*u. What is l(t)?
-4
Let r(x) = 5 - 5*x - 195*x**3 + 6*x**2 + 194*x**3 + x. Let b(l) = -l**3 + 4*l**2 + 5. Let j be b(4). Give r(j).
10
Let j(c) be the third derivative of c**5/60 - c**4/12 - c**3/2 - c**2. Let p be (-4)/(-14) - (-162)/21. Suppose -5*o = -4*k - 1 - p, -k + 14 = 2*o. Give j(k).
5
Let b = 0 - 5. Let h be (-36)/b + 1/(-5). Let u(g) = -g**2 + 8*g + 0*g - 32 + 0*g + 29. Give u(h).
4
Let h(u) = u**2 + 8*u + 12. Let w be h(-6). Let d(s) = -8*s - 22. Let m(g) = 3*g + 7. Let t(x) = -4*d(x) - 11*m(x). What is t(w)?
11
Let r(z) = z**3 + 6*z**2 - 8*z - 4. Let a be r(-7). Let n(d) = -2*d**a + 4*d + 2*d**3 + 3 + d**3. Suppose 0*k - 2 = k. Give n(k).
-13
Let v(p) = -10*p**2 + p + 1. Suppose -5*n = -3 - 82. Let a = n - 18. Determine v(a).
-10
Let o(u) = u**3 - 4. Let c = -33 + 54. Let d = c - 11. Let l = 10 - d. Give o(l).
-4
Let p(k) = k**3 - 12*k**2 - 12*k - 14. Let v(o) = -o**2 + 8*o + 118. Let q be v(-7). Calculate p(q).
-1
Let j = -152 - -148. Let a(n) = n**2 + 4*n - 3. What is a(j)?
-3
Let t = -19 + 12. Let m(f) = -36*f**3 + 3*f**2 - 4*f + 4. Let h(l) = -12*l**3 + l**2 - l + 1. Let a(b) = t*h(b) + 2*m(b). Give a(1).
11
Let p(h) = -7*h - 1. Let d = 1 + 4. Suppose 24 = -d*l + l. Let v = l + 5. What is p(v)?
6
Let l(p) = -5 - 6*p**3 - 11*p + 7*p**3 + 6*p + 5*p + 6*p**2. Calculate l(-6).
-5
Let p(s) = -3*s**3 - 7*s**2 - 14*s - 10. Let j be p(-2). Let x(r) = r**3 - 13*r**2 - 7*r - 103. Calculate x(j).
-5
Suppose -3*c + 3*h = 11 + 1, 7 = -c + 2*h. Let r be 3/c - (1 - 7). Let t(j) = -j**3 - j - 4*j + 2*j + r + 3*j**2. Give t(2).
1
Let m(j) = 79 - 32*j - 2*j**2 + 49*j - 79. Calculate m(8).
8
Let p(l) = 7*l**2 + 18*l - 15. Let y(z) = 4*z**2 + 9*z - 7. Let a(m) = -3*p(m) + 5*y(m). What is a(-10)?
0
Let g(t) be the third derivative of 1/6*t**3 - 1/60*t**5 + 5*t**2 + 0 + 0*t - 7/24*t**4. Calculate g(-6).
7
Suppose -4*z = c - z + 27, -c + 1 = -4*z. Let w(b) = -b - 21. Calculate w(c).
-6
Suppose 0 = g - 2*d + 13, 0 = 4*g - 2*d - 0*d + 28. Let u(j) = 2*j**2 + 15*j - 11. Let o(x) = -3*x**2 - 29*x + 22. Let a(w) = g*u(w) - 3*o(w). What is a(11)?
0
Let j(z) = -17 + 32 - 17*z**2 + 11*z**2 - 7*z - z**3 - 22. Determine j(-5).
3
Let x = 4 + 1. Let g(f) = 6 + 6 - x*f**2 + 4*f**2 - f. Let d = 146 + -146. What is g(d)?
12
Let j = -94 - -94. Suppose -z - 5*y + 14 = j, -z - 8 = -5*y + 8. Let f(c) = 4*c**3 + c**2 - c - 1. What is f(z)?
-3
Let x(o) = 12*o**3 + 2*o**2 - 2. Let u be x(1). Let l(p) = 3*p + 11 - 24 + u. Suppose 0 = 5*g - 10 - 5. Give l(g).
8
Suppose 20*i - 17*i - 3 = 0. Let d(r) = -2*r**3 - 2*r**2 + 6*r + 5. Let g(j) = j + 1. Let o(t) = d(t) - 5*g(t). Determine o(i).
-3
Let s(c) = c - 1. Let z be 7/(7/4) - -3. Let p(d) = 1 - 4*d - 2 + 7 - z*d. Let x(h) = -p(h) - 6*s(h). What is x(1)?
5
Let j(m) = m**2 - 12*m - 6. Let r be (-59)/(-5) - (-25)/125. Calculate j(r).
-6
Let u(b) = -b**3 + 2*b**2 - b + 4. Let z be 2/15 - 27/((-4050)/(-20)). Give u(z).
4
Suppose -k - 3*f = 11, 2*k + f + 1 = 4. Suppose -5*t + 2*v = k*v - 22, 5*t - 5*v - 50 = 0. Let o(x) = -x**3 + 5*x**2 + 8*x - 2. What is o(t)?
10
Suppose -8*i - 15 = -13*i. Let r(l) = -2*l**2 + 2*l + 3. Determine r(i).
-9
Let z(w) = w**3 - 12*w**2 - 14*w + 8. Let x = 2174 + -2161. What is z(x)?
-5
Suppose 0*k = 3*k + 24. Let h(w) = w + 10. Determine h(k).
2
Let i(r) be the second derivative of -r**5/20 + 11*r**4/12 - r**2/2 + 3*r - 6. Calculate i(11).
-1
Let c(j) = -4*j**3 - 4. Let y(h) = -h**3 - 1. Let u(a) = -c(a) + 5*y(a). Calculate u(1).
-2
Let j(z) = 4*z + 12. Suppose -m = 5*h + 77 - 19, 2*h = -2*m - 28. What is j(h)?
-32
Let x = 27 + -17. Let o be -5 + 0 + -4 + x + -3. Let f(g) = -g**3 - 4*g**2 - 3*g. Determine f(o).
-2
Let m(x) be the first derivative of -2*x + 1/2*x**4 + 0*x**3 - 8 - 3/2*x**2. What is m(-2)?
-12
Let f(v) be the first derivative of -1 - v + v**2 + 4/3*v**3 - 1/4*v**4. Let i = -49 + 51. Calculate f(i).
11
Let s(r) = r + 4. Let h be (8/(-10) - 289/(-255))*9. What is s(h)?
7
Let p(j) = -5*j**3 + 11*j**2 + 7*j + 6 + 4*j + 2*j + 3*j**3 + j**3. Give p(12).
18
Let p(o) = o + 12. Let a = 6 - -37. Suppose 9 = -a*j + 42*j. What is p(j)?
3
Let r(v) = v**2 + 3*v - 5. Suppose -41 + 16 = -5*h. Suppose 4*y + 5 = h*y. Suppose 2*m + 36 = -5*b, 4 - 19 = 5*b - y*m. Give r(b).
13
Let z = -3042 - -3048. Let i(a) be the first derivative of a**3/3 - 3*a**2 + 2. Give i(z).
0
Let n(a) = 2*a**3 + 14*a**2 + 2*a + 3. Let h(s) = -s**3 - 5*s**2 - 18*s - 151. Let g be h(-6). Give n(g).
-11
Let x(g) = -385*g**2 + 7*g + 7*g**3 + 5 - 6*g**3 + 390*g**2. Determine x(-4).
-7
Let g(y) = y**2 - 4*y - 1. Let h(d) = 7*d**2 - 24*d + 2. Let p(z) = 6*g(z) - h(z). What is p(0)?
-8
Suppose 9*v - 42 = 6*v. Suppose 5*a - 10 = 0, -v = w - 0*a - 3*a. Let r(o) = 2*o + 5. Let b(h) = -1. Let q(i) = 5*b(i) - r(i). Determine q(w).
6
Let f(i) = i**2 - 12*i + 30. Suppose 34*n = -32*n + 594. Calculate f(n).
3
Let y be ((-112)/(-63) - -3) + (-4)/(-18). Let a(k) be the third derivative of -1/12*k**4 + y*k**2 + 0 + 0*k + 0*k**3. Give a(-3).
6
Let p(u) = -3*u + 1. Suppose 0 = -n - 3*n. Suppose 2*l + 5*z + 33 = 3, z + 4 = n. Calculate p(l).
16
Let t(c) be the first derivative of c**2/2 - c - 6. Let z be -6 + -1 + (0 - -3). Let k be 5 + z - 3*2. What is t(k)?
-6
Suppose 2*s + 6 = 5*s. Suppose -s*z - 20 = -7*z. Suppose -z*u + 5*u - 5 = 0. Let l(y) = y - 10. Determine l(u).
-5
Let a(t) be the second derivative of -t**4/6 + t**3/3 - t**2/2 + t + 11. Determine a(1).
-1
Let t(a) be the second derivative of a**6/720 - 7*a**5/120 - 3*a**4 - 40*a. Let u(b) be the third derivative of t(b). What is u(11)?
4
Let b(l) be the second derivative of -l**5/120 + l**4/24 + 16*l**3/3 - 2*l. Let s(d) be the second derivative of b(d). What is s(-1)?
2
Let t(k) = 6*k**3 + k + 2. Let x(m) be the second derivative of m**5/4 + m**3/6 + m**2/2 - 14*m. Let l(v) = 2*t(v) - 3*x(v). Calculate l(1).
-3
Let f(j) be the second derivative of j**4/12 - j**3/6 + 2*j**2 + j. Let c(x) = -2*x**2 + 4*x**2 - 14 - 132*x + 105*x. Let u be c(14). Determine f(u).
4
Let c(q) = -2*q**3 + 8*q**2 + q + 13. Suppose 5*j - 16 = -m, 5 - 1 = 4*m. Let y(u) = u**3 - 1. Let o(a) = j*y(a) + c(a). Determine o(-8).
2
Let r(n) = n**2 + n + 2. Let c(l) = -l - 15. Let h be c(-13). Let q(p) = -2*p. Let g be q(h). Suppose -g*w = -6*w - 6. Give r(w).
8
Let g(v) = -7*v**2 - v - 3. Let f(x) = -50*x**2 + 51*x**2 + 0*x + 0*x. Suppose -5*y + 4 = -3*i, -y - 5*i = -8*i - 8. Let h(c) = y*g(c) - 6*f(c). What is h(-4)?
15
Let s(k) be the third derivative of k**4/24 + k**3 + 4*k**2. Let z be ((-10)/6 + (-2)/(-3))*-6. What is s(z)?
12
Let n(x) = x**2 - 1. Let a = 370 - 372. Give n(a).
3
Let m(k) = 6*k**3 + 6*k**2 + 8*k + 7. Let w(p) = p**3. Let b(v) = -m(v) + 5*w(v). Suppose 2*z - 5*t + 3*t + 16 = 0, -3*z - 2*t - 9 = 0. Give b(z).
8
Let v(s) = -10*s**2 - 1. Let m(y) = y + 6. Suppose t + 5*j - 9 - 1 = 0, -4*t + 3*j - 29 = 0. Let z be m(t). Give v(z).
-11
Suppose -5*a = -4*a + z + 14, -a - 4*z = 26. Let w(s) = s**2 + 0 + 2 + 15*s - 1 - 5*s. Determine w(a).
1
Let w(u) be the third derivative of u**6/720 + u**5/120 - u**4/24 - 15*u**2. Let z(h) be the second derivative of w(h). Give z(1).
2
Let y = 42 - 30. Suppose -5*u - 9 = 3*k, 0 = -8*k + 4*k - 3*u - y. Let a(j) = 37*j + 71. Let o(q) = -7*q - 12. Let l(z) = a(z) + 6*o(z). What is l(k)?
14
Let z(t) = -30*t**3 + t. Let g = -877 + 878. Give z(g).
-29
Let m(b) = 203 - 96 + 0*b + 12*b**2 - b + b**3 - 102 - 5*b**2. Give m(-7).
12
Suppose 0 = p - 2 + 1. Let z(y) = -3*y**2 - 7*y + 4. Let m(n) = n**2 - n + 1. Let o(a) = p*z(a) - 5*m(a). Give o(-1).
-7
Let w be 98/21 - (-2)/6. Let o(p) = p - 4. Let u be o(w). Let v(j) = j - 2 - 9*j + j - u. Calculate v(-2).
11
Let v(l) = -l**2 + 2*l + 2. Suppose 198 = -3*a + 3*b - 9, 3*b = 9. Let n = -64 - a. Calculate v(n).
2
Let m(i) = -i**2 + 4*i - 5. Suppose 0*v + v = -3*w + 13, 4*v = -3*w + 25. Give m(w).
-2
Let z(h) = -h**3 - 5*h**2 - 4*h. Let l be (-31)/(-2) + (-9)/(-18). Let k = -13 + l. Let x(m) = -m. Let w be x(k). Calculate z(w).
-6
Let n(r) = 3*r**2 - 1. Let m = 124 - 125. Give n(m).
2
Suppose -8 - 10 = 2*x. Suppose -4*y - 350 = -k 